{"id":1493,"date":"2024-01-18T12:06:22","date_gmt":"2024-01-18T11:06:22","guid":{"rendered":"https:\/\/ohmled.fr\/?post_type=product&#038;p=1493"},"modified":"2025-04-13T03:20:07","modified_gmt":"2025-04-13T01:20:07","slug":"minitek-2","status":"publish","type":"product","link":"https:\/\/ohmled.fr\/index.php\/produit\/minitek-2\/","title":{"rendered":"MINITEK"},"content":{"rendered":"<h4><strong>REMARQUES :\u00a0<\/strong><\/h4>\n<p>*Effet : Face r\u00e9tro \u00e9clair\u00e9e<\/p>\n<p>*Mat\u00e9riel : Bloc de plexiglas<\/p>\n<p>*\u00c9paisseur : 22mm<\/p>\n<p>*Hauteur : 50-1500mm<\/p>\n<h3><\/h3>\n<h4><strong>CHOIX DE COULEURS :<\/strong><\/h4>\n<p>*Chant de bloc face : 3000k &#8211; 4000k &#8211; 6000k<\/p>\n<p>*Face &amp; dos plexiglas<\/p>\n<p>pour plus en d\u00e9tail veuillez nous contactez par le Chat ou par E-mail .<\/p>\n","protected":false},"excerpt":{"rendered":"<h4><strong>MINITEK | Face &amp; dos r\u00e9tro \u00e9clair\u00e9\u00a0| GAMME B<\/strong><\/h4>\n<p>Lettre face en plexiglas imprimable, chant laqu\u00e9 et dos en plexiglas, possible en diff\u00e9rente couleur<\/p>\n","protected":false},"featured_media":10591,"comment_status":"open","ping_status":"closed","template":"","meta":[],"product_brand":[],"product_cat":[35],"product_tag":[],"class_list":{"0":"post-1493","1":"product","2":"type-product","3":"status-publish","4":"has-post-thumbnail","6":"product_cat-lettres-lumineuses","8":"first","9":"instock","10":"taxable","11":"shipping-taxable","12":"purchasable","13":"product-type-variable"},"_links":{"self":[{"href":"https:\/\/ohmled.fr\/index.php\/wp-json\/wp\/v2\/product\/1493","targetHints":{"allow":["GET"]}}],"collection":[{"href":"https:\/\/ohmled.fr\/index.php\/wp-json\/wp\/v2\/product"}],"about":[{"href":"https:\/\/ohmled.fr\/index.php\/wp-json\/wp\/v2\/types\/product"}],"replies":[{"embeddable":true,"href":"https:\/\/ohmled.fr\/index.php\/wp-json\/wp\/v2\/comments?post=1493"}],"wp:featuredmedia":[{"embeddable":true,"href":"https:\/\/ohmled.fr\/index.php\/wp-json\/wp\/v2\/media\/10591"}],"wp:attachment":[{"href":"https:\/\/ohmled.fr\/index.php\/wp-json\/wp\/v2\/media?parent=1493"}],"wp:term":[{"taxonomy":"product_brand","embeddable":true,"href":"https:\/\/ohmled.fr\/index.php\/wp-json\/wp\/v2\/product_brand?post=1493"},{"taxonomy":"product_cat","embeddable":true,"href":"https:\/\/ohmled.fr\/index.php\/wp-json\/wp\/v2\/product_cat?post=1493"},{"taxonomy":"product_tag","embeddable":true,"href":"https:\/\/ohmled.fr\/index.php\/wp-json\/wp\/v2\/product_tag?post=1493"}],"curies":[{"name":"wp","href":"https:\/\/api.w.org\/{rel}","templated":true}]}}

<h4><strong>REMARQUES : </strong></h4>
<p>*Effet : Face rétro éclairée</p>
<p>*Matériel : Bloc de plexiglas</p>
<p>*Épaisseur : 22mm</p>
<p>*Hauteur : 50-1500mm</p>
<h3></h3>
<h4><strong>CHOIX DE COULEURS :</strong></h4>
<p>*Chant de bloc face : 3000k &#8211; 4000k &#8211; 6000k</p>
<p>*Face &amp; dos plexiglas</p>
<p>pour plus en détail veuillez nous contactez par le Chat ou par E-mail .</p>

<h4><strong>MINITEK | Face &amp; dos rétro éclairé | GAMME B</strong></h4>
<p>Lettre face en plexiglas imprimable, chant laqué et dos en plexiglas, possible en différente couleur</p>
