{"id":3046,"date":"2024-01-18T16:54:35","date_gmt":"2024-01-18T15:54:35","guid":{"rendered":"https:\/\/ohmled.fr\/?post_type=product&#038;p=3046"},"modified":"2024-06-24T11:42:19","modified_gmt":"2024-06-24T09:42:19","slug":"bloktek-uv-2","status":"publish","type":"product","link":"https:\/\/ohmled.fr\/index.php\/produit\/bloktek-uv-2\/","title":{"rendered":"BLOKTEK UV"},"content":{"rendered":"<h4><strong>REMARQUES :\u00a0<\/strong><\/h4>\n<p>*Effet : Face r\u00e9tro \u00e9clair\u00e9<\/p>\n<p>*Mat\u00e9riel : Bloc plexiglas<\/p>\n<p>*\u00c9paisseur : 22mm<\/p>\n<p>*Hauteur : 50-1500mm<\/p>\n<h3><\/h3>\n<h4><strong>CHOIX DE COULEURS :<\/strong><\/h4>\n<p>*Chant de bloc face : 3000k &#8211; 4000k &#8211; 6000k<\/p>\n<p>*Face &amp; dos en plexiglas<\/p>\n","protected":false},"excerpt":{"rendered":"<h4><strong>BLOKTEK UV | Face &amp; dos r\u00e9tro \u00e9clair\u00e9 | GAMME E<\/strong><\/h4>\n<p>Lettre face en plexiglas imprimable, chant laqu\u00e9, dos en plexiglas, possible en diff\u00e9rente couleur<\/p>\n","protected":false},"featured_media":10441,"comment_status":"open","ping_status":"closed","template":"","meta":[],"product_brand":[],"product_cat":[35],"product_tag":[],"class_list":{"0":"post-3046","1":"product","2":"type-product","3":"status-publish","4":"has-post-thumbnail","6":"product_cat-lettres-lumineuses","8":"first","9":"instock","10":"taxable","11":"shipping-taxable","12":"purchasable","13":"product-type-variable"},"_links":{"self":[{"href":"https:\/\/ohmled.fr\/index.php\/wp-json\/wp\/v2\/product\/3046","targetHints":{"allow":["GET"]}}],"collection":[{"href":"https:\/\/ohmled.fr\/index.php\/wp-json\/wp\/v2\/product"}],"about":[{"href":"https:\/\/ohmled.fr\/index.php\/wp-json\/wp\/v2\/types\/product"}],"replies":[{"embeddable":true,"href":"https:\/\/ohmled.fr\/index.php\/wp-json\/wp\/v2\/comments?post=3046"}],"wp:featuredmedia":[{"embeddable":true,"href":"https:\/\/ohmled.fr\/index.php\/wp-json\/wp\/v2\/media\/10441"}],"wp:attachment":[{"href":"https:\/\/ohmled.fr\/index.php\/wp-json\/wp\/v2\/media?parent=3046"}],"wp:term":[{"taxonomy":"product_brand","embeddable":true,"href":"https:\/\/ohmled.fr\/index.php\/wp-json\/wp\/v2\/product_brand?post=3046"},{"taxonomy":"product_cat","embeddable":true,"href":"https:\/\/ohmled.fr\/index.php\/wp-json\/wp\/v2\/product_cat?post=3046"},{"taxonomy":"product_tag","embeddable":true,"href":"https:\/\/ohmled.fr\/index.php\/wp-json\/wp\/v2\/product_tag?post=3046"}],"curies":[{"name":"wp","href":"https:\/\/api.w.org\/{rel}","templated":true}]}}

<h4><strong>REMARQUES : </strong></h4>
<p>*Effet : Face rétro éclairé</p>
<p>*Matériel : Bloc plexiglas</p>
<p>*Épaisseur : 22mm</p>
<p>*Hauteur : 50-1500mm</p>
<h3></h3>
<h4><strong>CHOIX DE COULEURS :</strong></h4>
<p>*Chant de bloc face : 3000k &#8211; 4000k &#8211; 6000k</p>
<p>*Face &amp; dos en plexiglas</p>

<h4><strong>BLOKTEK UV | Face &amp; dos rétro éclairé | GAMME E</strong></h4>
<p>Lettre face en plexiglas imprimable, chant laqué, dos en plexiglas, possible en différente couleur</p>
